455. Is b a prime number?
False
Suppose 0 = -3*f + y + 2, 3*f = 4*f + 2*y - 10. Suppose 0*u - f*u = -20. Is u composite?
True
Suppose -42*l + 47*l = 725. Is l prime?
False
Let g = -15 - -25. Is 1*(3 + g*2) a composite number?
False
Suppose -2*w + 2*t - 2 = 2*w, -5*w = -4*t + 10. Suppose -w*p + 212 = 2*p. Is p a prime number?
True
Suppose 4*v = -2*p + 240, -2*p + 33 + 30 = v. Is v a composite number?
False
Let o be (3 - -3)/2 + -3. Suppose -5*s + 25 + 2280 = 0. Suppose o = -4*v + 8, -5*g + s = -0*g + 3*v. Is g a composite number?
True
Let s be 1 + 2 - (-44 + -1). Let w = s + 81. Is w prime?
False
Let h be ((-5)/(-10))/((-1)/4). Let n(l) = -16*l**3 - 3*l**2 - 2*l + 2. Let z be n(h). Suppose -q - z = -4*r, -4*q + 142 + 21 = 5*r. Is r a composite number?
False
Suppose 43 = 5*c + 4*f, 0*c - 2*f = -3*c + 39. Let u be 2/c + 4/(-22). Suppose -i = 5*l + 6, u = 5*i - 2*l + 7*l - 50. Is i a composite number?
True
Let s be -2*(-1 + -1 - -1). Suppose -3*r - 32 = s*g, 0 = 5*r - 2*g + 46 + 34. Is (r/3)/((-6)/18) a composite number?
True
Suppose -10*m + 2359 = -3*m. Is m composite?
False
Suppose 3*o - 156 = 21. Is o a composite number?
False
Suppose 3*y + 459 = 1896. Is y a composite number?
False
Let t be -4*(-1 - 36/8). Suppose 0 = 4*f - t - 630. Is f a prime number?
True
Let z = -379 + 853. Suppose 0 = -4*v + 2*c + 622, 3*c = 3*v - 0*c - z. Suppose s + 2*k - 50 = 3*k, 3*s - v = 2*k. Is s a composite number?
False
Is (13/(-2))/((-8)/48) a prime number?
False
Suppose 4*q + 3*y = 28 - 109, y + 19 = -q. Let n = 107 + q. Is n a composite number?
False
Let n be 1*(3 + 1) - 3. Is (-172 - (-3)/n)/(-1) prime?
False
Let t be (-6)/(-4)*1688/3. Suppose 3*r - 7*r = -t. Is r composite?
False
Suppose 4*o = -o - 130. Let q = o + 96. Let g = q + -35. Is g prime?
False
Let l be (-1)/(-3) - (-650)/(-6). Let k = l - 55. Is k/(-11) + 4/22 prime?
False
Suppose -3*f = -w - 1, -4*w + w = 2*f - 8. Suppose -3*r = -3*p - 639, 0 = w*r + 2*p - 335 - 75. Suppose 5*u - 256 = r. Is u a prime number?
False
Let m = 2 - -1. Suppose -2*g - 2*g = m*t - 501, 12 = 4*g. Is t a prime number?
True
Suppose -10 = -q - 4*q. Let y(z) = -3 + 2 + z**q + 3*z**3 + 75*z**3 + z. Is y(1) a prime number?
True
Let x = -1 + 2. Let z be (x + -1)*(-1)/(-2). Suppose -5*q + 105 - 10 = z. Is q prime?
True
Suppose 0 = -0*q - 4*q + 4468. Is q a prime number?
True
Suppose 9*l = 7*l + 36. Suppose 0 = 2*z + z - l. Is z a prime number?
False
Let c be ((-2)/3)/(8/(-48)). Suppose 2*g - 50 = i + 27, -5*g + 197 = -c*i. Is g prime?
True
Let w = 13 - 9. Let f be w/3*42/4. Suppose 2*j = -0*j + f. Is j a composite number?
False
Let z(g) = -124*g - 2. Let l be z(-2). Let c = l + -130. Suppose 0 = 3*q - 5*q + c. Is q a prime number?
False
Let x(z) = -291*z + 2. Is x(-1) a composite number?
False
Suppose 922 + 4182 = 16*b. Is b a composite number?
True
Let k(j) = 2*j**2 + 2*j + 3. Let l(s) = -s**2 + 5*s + 3. Let g be l(4). Let r be k(g). Is r - 0/(-1) - 0 a prime number?
False
Let y(i) = 2*i**2 - 14*i + 9. Let n(k) = k**2 - 5*k + 3. Let b(t) = 17*n(t) - 6*y(t). Is b(-5) composite?
False
Let j(w) be the third derivative of w**5/60 - w**4/8 + w**3/2 + 3*w**2. Is j(-8) prime?
False
Let z(q) = 4*q**2 + 3*q + 43. Is z(-12) a composite number?
True
Suppose -2*y + 2*c = 3*y - 20, -4*y + 13 = -c. Suppose -4*d + y*p = 178, p = 2*p + 1. Let f = -14 - d. Is f composite?
False
Let b(v) = -v**3 + 5*v**2 + 6*v - 4. Let u(l) = 7 - l**2 - 6*l - 7. Let d be u(-5). Is b(d) prime?
False
Let a(i) = 5*i**3 - i**2 - 3*i - 2. Let m be a(3). Suppose -k - k = 0. Suppose 0 = -k*t + 5*t - m. Is t a prime number?
True
Let q be ((-18)/(-2))/(-3) - -3. Suppose q = 3*z + 9, 0 = -5*m - 6*z + 4*z + 894. Is m/8*(-2)/(-3) prime?
False
Let w(b) = -b + 1. Let q be w(3). Let d be (-1 - q) + -2 - -1. Suppose -z - 5*k + 15 + 13 = 0, d = 4*z + k - 17. Is z a prime number?
True
Suppose -132*g - 5630 = -134*g. Is g prime?
False
Suppose 0 = -m + 5*m - 1572. Is m prime?
False
Let b = 2 + -5. Let o be (-3)/9 - 13/b. Suppose -2*j + 0*s - o*s = -54, 5*j - s - 113 = 0. Is j a prime number?
True
Let k(h) = -h**3 + 4*h**2 + 3*h + 3. Suppose 2*l + 28 = -2*l. Let a = -3 - l. Is k(a) prime?
False
Suppose 0 = -2*y - 5*z + 15, 0 = 5*y - 7*y - 2*z. Is 1965/25 - 2/y composite?
False
Suppose -4*c - 1160 = 3*d - 0*c, -5*d = -5*c + 1875. Let s = d + 537. Is s prime?
True
Let k = 5241 - 3706. Suppose -b = 4*b - k. Is b a composite number?
False
Suppose -4*f - 8 = 0, 3*w - 385 = -0*w + 2*f. Is w a composite number?
False
Suppose -3*y - t - 558 = 0, 0 = 2*y - 3*t - t + 372. Let l = 232 + 36. Let u = y + l. Is u composite?
True
Suppose -d - 401 = -n + 102, -4 = -4*d. Suppose 2*k - 1295 = -5*x, 4*x - 6*x = -2*k - n. Is x a prime number?
True
Let m(r) = 413*r**3 + 5*r**2 - 6*r + 6. Let z(l) = 413*l**3 + 4*l**2 - 5*l + 5. Let p(y) = -4*m(y) + 5*z(y). Is p(1) a composite number?
True
Let v be (-50)/(-6) + (-4)/12. Let w = 13 - v. Suppose -a + 12 = 4*r - 11, 2*a + 19 = w*r. Is a composite?
False
Let x(i) = -54*i**3 - i**2 + i + 1. Suppose -3*k - p = -3*p, 4*p = 3*k. Suppose -3*a - 4 + 1 = k. Is x(a) a prime number?
True
Let f be 2/2 - (-227 - -3). Suppose 0 = -3*z - 5*g + 2189, -3*z + 3*g - 4*g + 2197 = 0. Suppose f = -4*r + z. Is r a prime number?
True
Let r be (-3)/(-2)*(-208)/(-12). Suppose 2*z = r + 400. Is z a composite number?
True
Let h(f) = -f**3 - 12*f**2 - 6*f + 16. Let v be h(-12). Suppose 0 = 4*z - 0*z + 4*p - v, -4*z - p = -85. Is z composite?
True
Let l be 2 + 4 - 1*-1. Suppose 3*c + 0*d - l = 2*d, 0 = 2*c + 5*d - 11. Is c a composite number?
False
Suppose l = -4*l. Suppose l*v - 3*v + 762 = 0. Suppose -v = -3*q + q. Is q prime?
True
Let i = 1 - -4. Let r = -6 + i. Is 4 - 2 - 11*r a composite number?
False
Let t = -7 + 10. Suppose 0 = -t*x + 6. Let l(v) = 4*v**3 + 2*v - 1. Is l(x) prime?
False
Let p = 24 - 18. Suppose -p*f + 279 = -3*f. Is f composite?
True
Let a(f) = -f**3 + 8*f**2 + 5*f + 7. Is a(8) prime?
True
Suppose 5*d = -3*b + b + 11, 5*b = 5*d - 25. Is (b + 0)/(2/(-145)) prime?
False
Let n(a) = 2*a**3 - 10*a**2 - 10*a - 11. Is n(9) a composite number?
False
Suppose -7*f = -3*f - 60. Is (f/9)/(-5)*-111 a prime number?
True
Let x = 7 - 6. Let a(s) = 6*s**3 + 1. Is a(x) composite?
False
Let w = -63 - 362. Let p = -132 - w. Is p composite?
False
Let h = 7 - 6. Is (0 + h - -2) + 30 prime?
False
Suppose -4*v + 3*d + 42 = 3, 4*v = -5*d - 1. Is v composite?
True
Let k(w) be the second derivative of -2*w**5/5 - w**4/4 - w**3/3 + 2*w. Let j be k(-2). Suppose -2*f = -6*f + j. Is f composite?
True
Let n be (-2)/3 - (-219)/(-9). Let u = n - 22. Let i = -22 - u. Is i prime?
False
Let t(f) = -f**2 - 2*f - 1. Let j(g) = g**2 + g + 1. Suppose -i + 2 + 2 = 0. Let n(w) = i*j(w) + 3*t(w). Is n(-6) a composite number?
True
Let a(m) = 521*m**2 + m + 1. Is a(-1) composite?
False
Let v(w) = -w**2 + 5*w. Let m be v(4). Suppose 0 = 2*p - p - 5, 2*p = m*l - 1338. Is l composite?
False
Let z = -7 + 8. Is z/((-8)/(-10))*124 prime?
False
Suppose 5*a = -2*s + 22399, s + 0 = -3. Is a prime?
True
Let o = -358 - -609. Suppose 887 = 4*d + o. Suppose d = 3*x - 0*x. Is x prime?
True
Suppose -3*h - 4 = -13. Let j(t) = 0*t + 0*t + 14*t**2 + h*t - 1 - 4*t. Is j(-1) prime?
False
Suppose 663 - 184 = c - 3*l, 0 = 2*c - 4*l - 950. Is c a prime number?
True
Suppose -c = 2*b - 210, 180 = 4*c + 4*b - 676. Is c a composite number?
True
Suppose 21 = -3*l + 6*l. Suppose -y - l = 5*b - 2, 3*y = -3*b - 15. Is 18 - -1 - b/2 composite?
False
Suppose 73 = 3*m - 362. Is m a prime number?
False
Suppose 310 = 4*g - 294. Let a(f) = -f**2 + 16*f + 6. Let z be a(9). Suppose g = 4*j - z. Is j a composite number?
True
Let z = -3 + -6. Let k = 17 + z. Let x = -2 + k. Is x a composite number?
True
Is 2/1 - (-1774)/(0 - -2) prime?
False
Let b be 3*2/(-15)*-5. Let y be ((-3)/2)/((-1)/b). Suppose 0*n - 27 = -y*n - 5*u, 2*n - 2*u = 2. Is n composite?
True
Let b(k) be the first derivative of -3*k**2 + 7*k + 3. Suppose h + 7 - 2 = 0. Is b(h) a prime number?
True
Suppose d + y - 159 = 0, -11 = 4*y - 3. Let s = 93 + d. Suppose 5*v = -5, -4*o + o + s = 4*v. Is o a composite number?
True
Let j(l) = -l + 2. Let z be j(0). Suppose 2*h - 38 = 4*k, 0 = 3*h - k + z*k - 22. Is h composite?
True
Suppose -w + 3*z = -456, 1487 = 5*w + 3*z - 883. Is w prime?